+ -9a91?
-9ae8
In base 6, what is -1314 + 20?
-1254
In base 7, what is -4341532 - -2?
-4341530
In base 6, what is 355405 - -21?
355430
In base 14, what is -2a65 + 5?
-2a60
In base 7, what is 150524 + 41?
150565
In base 9, what is 7 - -1652?
1660
In base 16, what is 227d - 71?
220c
In base 11, what is -2 + -12979?
-12980
In base 3, what is 2112002012 - 2211?
2111222101
In base 14, what is -53151 + 1?
-53150
In base 10, what is 150 + 6583?
6733
In base 2, what is 0 + 101111100110101?
101111100110101
In base 11, what is 83200a + 5?
832014
In base 6, what is 351 - 5252?
-4501
In base 14, what is 4 + -128755?
-128751
In base 8, what is 34 - -445?
501
In base 2, what is 100001 - 111110100001?
-111110000000
In base 2, what is -10000111111010 - 1001?
-10001000000011
In base 10, what is -5 - 782?
-787
In base 7, what is 4042 + -114?
3625
In base 13, what is 3a04 + -3?
3a01
In base 14, what is -2 + -a62?
-a64
In base 13, what is 63b3 - 5?
63ab
In base 3, what is 1 - 102012222?
-102012221
In base 6, what is -24203012 + -4?
-24203020
In base 9, what is 67576 - -55?
67642
In base 3, what is 202102122 + 22202?
202202101
In base 4, what is -1311031330 + -10?
-1311032000
In base 3, what is -12 - 112112221?
-112120010
In base 11, what is -33 - 20422?
-20455
In base 9, what is 5 - -341236?
341242
In base 4, what is 123323 - -20?
130003
In base 11, what is 2210 + 9?
2219
In base 14, what is -2c3 + -54a?
-82d
In base 7, what is 3 + -2434064?
-2434061
In base 10, what is -11822 + 1?
-11821
In base 2, what is -10011011101001010 - -100?
-10011011101000110
In base 14, what is 22 - 43d?
-41b
In base 15, what is 1 + -845a2?
-845a1
In base 3, what is -1112120 - 121221?
-2011111
In base 9, what is 14 + 45665?
45680
In base 4, what is 301 - 202322?
-202021
In base 9, what is -37 + -3322?
-3360
In base 2, what is -111011101 + 11000?
-111000101
In base 9, what is 1140 - 8?
1131
In base 10, what is 595332 + -4?
595328
In base 15, what is -21 + -3c96?
-3cb7
In base 7, what is -1321646 + -5?
-1321654
In base 13, what is -434a + -3?
-4350
In base 10, what is 31 - -19866?
19897
In base 2, what is 1110011011100 - -10?
1110011011110
In base 13, what is 20 + -39c?
-37c
In base 12, what is 199a2 - -13?
199b5
In base 15, what is 281e - -25?
2844
In base 10, what is -156427 + -4?
-156431
In base 14, what is -d8 + -9a?
-194
In base 15, what is eb + 90?
18b
In base 12, what is -7 - -16127?
16120
In base 16, what is 4 + -b96a0?
-b969c
In base 12, what is -16157 - 0?
-16157
In base 8, what is -54 + 675?
621
In base 10, what is -11 - 12953?
-12964
In base 4, what is -211133021 - 2?
-211133023
In base 14, what is 4 - 395b?
-3957
In base 9, what is -1267 - -4766?
3488
In base 14, what is -10418 + 0?
-10418
In base 3, what is -110222202 - 12?
-110222221
In base 9, what is -6820 + 7?
-6812
In base 2, what is 1111001000111 - -10011?
1111001011010
In base 16, what is -61b3a1 - -5?
-61b39c
In base 8, what is 0 - 1604?
-1604
In base 5, what is 134022 + -4044?
124423
In base 15, what is -cd38 + -11?
-cd49
In base 3, what is 20122110 + -2?
20122101
In base 8, what is 116 - 11464?
-11346
In base 7, what is -4 + -2052630?
-2052634
In base 16, what is 22 + -5c13?
-5bf1
In base 16, what is -2 - 1703?
-1705
In base 12, what is 37b8 + -2?
37b6
In base 5, what is 32 - 1320?
-1233
In base 7, what is 5464 + 3?
5500
In base 15, what is -46e + 9?
-465
In base 6, what is -151015 - -2?
-151013
In base 5, what is -4 + 240120001?
240114442
In base 2, what is -101001 + -11101111111000?
-11110000100001
In base 5, what is 210130212 + -3?
210130204
In base 2, what is -10011111111101 - -1?
-10011111111100
In base 2, what is 1000101010101011110 + 11?
1000101010101100001
In base 6, what is 132352 + -15?
132333
In base 16, what is 8 - -1b40?
1b48
In base 16, what is -87b + -6?
-881
In base 3, what is -12222 + -100101001?
-100121000
In base 11, what is 3601 + 9?
360a
In base 14, what is -4 - 24b57?
-24b5b
In base 4, what is 321303 + -2?
321301
In base 8, what is -2107 + 513?
-1374
In base 5, what is -2 - -101423341?
101423334
In base 7, what is 5560 + 13?
5603
In base 6, what is 1035015 + -1?
1035014
In base 4, what is 103301 - -121?
110022
In base 9, what is 2 - 20574?
-20572
In base 16, what is -4791d0 + 1?
-4791cf
In base 4, what is 1022 - -23332?
31020
In base 11, what is 20 - 544a1?
-54481
In base 3, what is 1021120021 - 1012?
1021112002
In base 8, what is -341 + 1555?
1214
In base 6, what is -5 + 30521114?
30521105
In base 14, what is -5 + -1b74b?
-1b752
In base 3, what is -11212002 - 211?
-11212220
In base 9, what is -3117 - 2252?
-5370
In base 10, what is -1625 + 0?
-1625
In base 11, what is -100a + a5?
-a15
In base 7, what is 130601 + -10?
130561
In base 5, what is -3 - -41430?
41422
In base 11, what is 195 - -671a?
6904
In base 7, what is 10124 - -53?
10210
In base 15, what is -1135 + -e?
-1144
In base 11, what is -5 + 364a?
3645
In base 7, what is 105462 + -13?
105446
In base 13, what is 12 - -ca5?
cb7
In base 16, what is -5dc + c50?
674
In base 2, what is -10111100011101011 + 101?
-10111100011100110
In base 8, what is 376 - -1050?
1446
In base 8, what is 107237 - -10?
107247
In base 11, what is -158 + 7a?
-89
In base 14, what is -268 + -7?
-271
In base 3, what is 2012222112012 - -1?
2012222112020
In base 11, what is -6 - 2a39a?
-2a3a5
In base 8, what is -13 + 6616?
6603
In base 8, what is -2317 + -323?
-2642
In base 13, what is 42 + 143b2?
14424
In base 8, what is 10 - -2601050?
2601060
In base 13, what is c + -20c83?
-20c74
In base 3, what is -2101 - -22220020?
22210212
In base 16, what is 2 + 10a5?
10a7
In base 15, what is 1da3 + 2?
1da5
In base 13, what is -868 - a?
-875
In base 5, what is 1023000 - -10?
1023010
In base 15, what is -7a - 582?
-60c
In base 2, what is 0 + 11001010010101?
11001010010101
In base 5, what is -2 - 10314110?
-10314112
In base 16, what is -d249 - -5?
-d244
In base 4, what is -3022200 - -1?
-3022133
In base 10, what is -146163 + 3?
-146160
In base 5, what is -224 + 122244?
122020
In base 4, what is -1232010 + 11?
-1231333
In base 2, what is 11100000100110000 - -1?
11100000100110001
In base 9, what is 4147 + 747?
5005
In base 11, what is -1a155 + 1?
-1a154
In base 11, what is 2a271a - 3?
2a2717
In base 2, what is -110101101101111001 - 11?
-110101101101111100
In base 3, what is 2110 + 110012?
112122
In base 6, what is 1552 - -1254?
3250
In base 9, what is -21 - -163447?
163426
In base 10, what is 2192 - -18?
2210
In base 7, what is -33044 - 0?
-33044
In base 9, what is -31 - -12365?
12334
In base 5, what is -4 - 1031234?
-1031243
In base 13, what is -1 + -aa22?
-aa23
In base 10, what is -175843 - 8?
-175851
In base 3, what is -20221210 - 222?
-20222202
In base 9, what is 56608 - -28?
56637
In base 13, what is 23 + -c46?
-c23
In base 15, what is 305 + -170?
185
In base 7, what is 32 - 4402?
-4340
In base 16, what is -4df3 - 99?
-4e8c
In base 3, what is 121221201 + 11?
121221212
In base 16, what is 3 - f25cd?
-f25ca
In base 7, what is 3 - -1323515?
1323521
In base 8, what is 5427732 + 2?
5427734
In base 16, what is 63f41 + 5?
63f46
In base 16, what is 0 + -1edb1?
-1edb1
In base 11, what is -7768 + a?
-7759
In base 8, what is 1203 + -101?
1102
In base 4, what is -2013101313 - -2?
-2013101311
In base 12, what is 12721 - 1?
12720
In base 3, what is -10 + 120010101?
120010021
In base 16, what is a935 + 1?
a936
In base 13, what is -1 + -25167?
-25168
In base 2, what is 1001011 - -1111010110?
10000100001
In base 3, what is 2120001002000 + -10?
2120001001220
In base 4, what is 233 + -1333020?
-1332121
In base 12, what is 17055 + 5a?
170b3
In base 7, what is 2214106 - 3?
2214103
In base 2, what is -101 - -10110010111010?
10110010110101
In base 10, what is -4 - 8227?
-8231
In base 3, what is 101 + -21122121222?
-21122121121
In base 6, what is 0 + -333424?
-333424
In base 4, what is -3220 + 2230?
-330
In base 5, what is 134320 + -11420?
122400
In base 8, what is 5654 + 517?
6373
In base 15, what is -27 + -2c31?
-2c58
In base 4, what is 130021020 + -100?
130020320
In base 6, what is 5000500 - 2?
5000454
In base 12, what is -9 - 2093?
-20a0
In base 8, what is 360 - 204?
154
In base 6, what is -531 + 2313?
1342
In base 2, what is -11001 - -101011100111100?
101011100100011
In base 10, what is -216